 a be s(22). Let k(y) = 5*y - 2 - 1 - y. Determine k(a).
-15
Let d(t) be the second derivative of -t**5/120 + t**4/6 - t**3/2 - 4*t. Let g(f) be the second derivative of d(f). What is g(-5)?
9
Let z(h) = -h**2 - 6*h + 1. Let q be z(-6). Let x = 0 + 3. Let b = q - x. Let u(c) = 2*c**3 + c**2 - 3*c - 1. Determine u(b).
-7
Let u(i) = -i**3 + 10*i**2 + i + 2. Let z(h) = h**2 + h. Let y(q) = -u(q) + 5*z(q). Let c be (4 + -2)/(1/2). What is y(c)?
-2
Suppose 2*h = h + 2. Let k(r) = -2*r**3 - 20*r**2 + 14*r + 11. Let j(q) = q**3 + 7*q**2 - 6 - 5*q + 0 + 2. Let y(d) = -8*j(d) - 3*k(d). Give y(h).
-5
Let v(a) = -7*a - 14. Let o(i) = 5 - 2 - 32 - 15*i. Let g(y) = 6*o(y) - 13*v(y). Give g(-6).
2
Let r(q) = -q**3 - 3*q**2 - 4*q - 3. Let h(u) = -5*u**3 - 14*u**2 - 20*u - 15. Let z(b) = -2*h(b) + 11*r(b). Let l = 1 + -5. Determine z(l).
-3
Let i(v) be the first derivative of v**4/4 - 8*v**3/3 + 7*v**2/2 - 6*v - 7. Determine i(7).
-6
Let p(x) = x**2 + 7*x + 2. Let n be p(-7). Suppose 0 = -n*v - u - 14, v = -0*v - 3*u - 12. Let k(m) = -2*m - 8. Give k(v).
4
Let s(c) = -c**2 - 5*c + 9. Let a be s(-7). Let l(b) be the third derivative of b**6/120 + b**5/12 - b**4/24 - 7*b**3/6 + 2*b**2. Give l(a).
-2
Let y(g) = -g**2 + 7*g + 13. Let u be y(9). Let s be (-1 + 1)/(u + 7). Let n(j) = j**2 + 4. Calculate n(s).
4
Suppose q + 0 - 6 = 4*s, 3*q + 3*s - 33 = 0. Let i(j) = -10 + j + 8 - q. Give i(6).
-6
Let s(c) = c**2 + 6*c + 5. Suppose w + 3*w - 22 = r, -r = -5*w + 26. Calculate s(r).
5
Let v be 8/(-2*2/(-10)). Suppose f + 3*f + v = 0. Let p(k) = -k**2 - 4*k + 4. Give p(f).
-1
Let b(t) = t**3 - t**2 + t - 1. Let l(x) = -5*x**3 + 7*x**2 - 2*x + 2. Let y(w) = 4*b(w) + l(w). What is y(2)?
6
Let a(h) = -h. Let r(o) = -1 + 3 - 2*o + o**2 + 0. Let l(i) = -a(i) - r(i). Let m = 2 - -2. What is l(m)?
-6
Let z(c) = -c**2 + 4*c + 9. Let x be z(6). Let b(y) = y**3 + 3*y**2 + 2. Let v(u) = 5*u**3 + 15*u**2 - u + 9. Let a(t) = 11*b(t) - 2*v(t). Determine a(x).
-2
Let b(n) = n**3 - n**2 - 5*n + 2. Let v be (5/2)/(-5)*-12. Let u be (-2)/(20/v)*-5. Calculate b(u).
5
Let v = -1 + 1. Let u be ((-8)/10)/(12/(-30)) + 2. Let t = v + u. Let m(y) = -y - 1. Give m(t).
-5
Let g(l) = l**3 + 5*l**2 + 5*l + 2. Let c be 7*1*9/(-9). Let i(z) be the third derivative of -z**4/24 - 5*z**3/3 - 2*z**2. Let a be i(c). What is g(a)?
5
Let n(m) be the second derivative of 2*m**3/3 - m**2/2 + 7*m. Determine n(1).
3
Let y = -3 - -2. Let k = 0 + y. Let a(p) = p**2 + 24*p - 24*p + 0*p**3 - p**3. Determine a(k).
2
Let c(r) = -r**3 - r**2 - r + 1. Let t(s) = s**3 - s**2 - 2*s + 1. Let i(k) = -2*c(k) + t(k). Let n(m) = m**2 + 1. Let g be n(0). What is i(g)?
3
Let m(x) be the third derivative of x**4/4 - x**3/6 + x**2. Let b(c) = -5*c + 1. Let a(d) = 5*b(d) + 4*m(d). Let f = 17 - 15. Determine a(f).
-1
Let s(o) = -2*o + 20. Let h be s(10). Let p(v) = -v - 2. Determine p(h).
-2
Suppose 0 = -g + 5 - 2. Let b(j) = -5*j**2 + 3*j**3 - 2*j**3 - 7*j - j**g + 3 + j**3. Calculate b(6).
-3
Let t(c) be the second derivative of c**4/6 + c**2/2 - 16*c. What is t(-1)?
3
Suppose 5*f = 9 + 6. Let i(u) = -4*u**2 - f*u + 6*u**2 - u + 3 - u**2. Calculate i(3).
0
Let c(f) be the third derivative of f**7/840 + 7*f**6/360 + f**5/20 + f**4/12 + 5*f**3/6 + 3*f**2. Let k(p) be the first derivative of c(p). What is k(-6)?
2
Let s(r) = -r**3 + 9*r**2 - 8*r - 3. Suppose -20*k - 16 = -22*k. Determine s(k).
-3
Suppose -14*i = -5*i. Let o(g) = -g**2 - g - 14. Calculate o(i).
-14
Let o = 6 + -10. Let h(f) = -f - 3. Let n be h(-4). Let u(a) = a - 4*a + a**2 - 2*a**2 - n. Calculate u(o).
-5
Let t(m) be the first derivative of -4 + 7/2*m**2 + 3*m + 1/3*m**3. Calculate t(-6).
-3
Let w(n) = n**3 - n - 1. Let o(g) = -4*g**3 - g**2 + 4*g + 3. Let r(d) = -o(d) - 5*w(d). Let h be 1*-6*(-3)/9. Calculate r(h).
0
Let p(u) = -7*u. Let h be 12/4 - 4 - (1 - 1). Give p(h).
7
Suppose m = 21 - 16. Let w(u) = 0*u**2 + 217 - 216 - m*u**2. Let o be -2 + 1 - (-3 - -1). Give w(o).
-4
Suppose 5*h - 6*h + 4 = 0, 3*a - h - 2 = 0. Let d(i) = 0*i + 0 - 3 + 3*i**2 + 4*i - 2*i**a. What is d(-4)?
-3
Let q(z) = z**2 + 5*z - 4. Let u be q(-6). Let m(i) = 6 - 3 + 1 - i**u + 11*i**3 - 3. Give m(1).
11
Let h(u) = -u**3 - u**2 + u + 1. Suppose -4 = 4*t + 4*n, 0 = -6*t + 3*t - 4*n - 2. Calculate h(t).
3
Let o(t) = 3 + 2 + 2*t - 5*t - 2*t**2 - 2. Let m be (-2 - 8/(-6))*-3. Determine o(m).
-11
Let x(k) = 6*k + 0*k - 7*k + 14. Let y be x(10). Let j(n) = n + 1. Let v(a) = 2*a + 10. Let o(h) = -5*j(h) + v(h). Give o(y).
-7
Let s(p) = -2*p + 3. Suppose 5*r - 9 - 6 = 0. Suppose -3*n - r = -12. What is s(n)?
-3
Let v(z) be the third derivative of -z**4/4 - z**3/2 + z**2. What is v(-4)?
21
Let l(g) = 1 + 3 - 5 + g + 2. Suppose d - 6 = -4*d + 4*w, 0 = -2*d - w - 8. Calculate l(d).
-1
Let w(z) = 4. Let o(c) = -c + 18. Let u(l) = 4*o(l) - 18*w(l). Suppose 5*k - 33 + 13 = 0. Suppose 3*y + y - k = 0. What is u(y)?
-4
Suppose g = -2*g + 4*c - 25, -2*g = 4*c + 10. Let p(u) = u. Determine p(g).
-7
Suppose 2*w + 14 = 4*w. Let j(o) = 1 - w + 5 + o. Determine j(1).
0
Let p = 7 - 11. Let h(k) = -7*k**3 + k**2 - 3*k - 3. Let y(x) = -15*x**3 + 3*x**2 - 6*x - 7. Let w(v) = -13*h(v) + 6*y(v). Give w(p).
1
Let q(p) = p**2 + 4*p - 7. Suppose -3*s = -3*x + 24, -1 = -s + 5*x - 9. Let m = s + 2. Give q(m).
5
Let n = 3 - -2. Let x(m) = -m**3 + 4*m**2 + 3*m + 2. Determine x(n).
-8
Let m = -1 + -1. Let r be 0*(-2 - -1 - m). Let y = 2 + r. Let w(q) = -q**2 + q. Give w(y).
-2
Let n(x) = -2*x**2 + 10*x - 6. Let p(t) = -t**2 + 16*t + 6. Let a be p(16). Give n(a).
-18
Suppose 4*f = -0*f. Let z(p) = -4*p - 6 - 1 + 6 + f. Give z(1).
-5
Let t(u) = 4*u**2 + 6*u + 8. Let f(w) = -w**2 - w - 1. Let g(x) = -5*f(x) - t(x). Determine g(0).
-3
Suppose 7 = m - 0. Let n = m + -8. Let x(j) = -3*j**3 - 3*j**2 - 5*j + 3. Let l(i) = -2*i**3 - 2*i**2 - 4*i + 2. Let z(f) = -4*l(f) + 3*x(f). Calculate z(n).
0
Let i(l) = 218*l**3 + 2*l + 223*l**3 - 436*l**3 + 1 + 2*l**2. Give i(-1).
-4
Let d(b) = -3*b**2 + 4*b + 3. Suppose -2*x = -l - 1, -x + l - 5 = -4. Let m(o) = 4*o**2 - 3*o - 2. Let r(s) = x*d(s) + 3*m(s). Give r(1).
5
Let x(j) = 3*j + 6. Let y be x(-4). Let h(f) = 3*f + 9. What is h(y)?
-9
Let k(b) = b**2 - 8*b - 3. Let f be k(9). Let p be 2/f - (-3)/(-9). Let r(u) = p - u + u**2 - 8 + 2. Determine r(0).
-6
Let w(y) = y**3 + 6*y - 3*y + 0*y + 1 - 4*y - 5*y**2. Give w(5).
-4
Let b(r) = 5*r + 1. Let v = 6 + -4. Suppose 2*i = 4*i - v. Calculate b(i).
6
Suppose -4*f + 9 = 1. Let o(j) = j**3 - 4*j + 3. Let b be o(f). Let n(g) = -2*g - 3*g**2 + 2 - g + 0*g**3 + 7*g**3 - 6*g**3. Calculate n(b).
-7
Let b(f) = -13*f**3 + 4*f**2 - 20*f - 3. Let y(i) = -8*i**3 + 3*i**2 - 13*i - 2. Let h(s) = 5*b(s) - 8*y(s). Suppose 0 = a - 0 + 5. Give h(a).
6
Suppose 3*p + 6 + 1 = 5*l, 2*p - 2*l - 2 = 0. Suppose 8*j + p = 7*j. Let g(n) = n**3 + 7*n**2 + 5*n + 1. What is g(j)?
7
Let n(j) = 2*j**2 - 4*j + 5. Let x = -89 + 93. Calculate n(x).
21
Let g(b) = -7 - 3*b**2 + 2 + 12 - 8 - b. Determine g(2).
-15
Let g = 11 - 16. Let p(w) = 2*w**2 - 10*w - 6. Let t(a) = -5*a**2 + 21*a + 12. Let f(i) = 7*p(i) + 3*t(i). Let l be f(g). Let y(h) = h + 1. Give y(l).
5
Let m be ((-2)/24)/(4/(-8)). Let c(n) be the second derivative of 0 - 3/2*n**2 + 3*n - m*n**3. What is c(-4)?
1
Let l(o) = o**2 - 2*o. Let n(c) = c**2 - 6*c + 6. Let d(z) = 2*l(z) - n(z). Calculate d(-5).
9
Let o(j) = -12*j**2 - 2*j - 1. Suppose -3*w = q, 5*q - 16 - 1 = 2*w. Calculate o(w).
-11
Let r = 20 - 17. Let a(g) = -14*g + 30*g - 20*g - r. Give a(-4).
13
Let j be -15*(-3)/(1 - -2). Let s = j - 9. Let k(r) = -r**3 + 6*r - r + s - 4*r**2 - 3*r. Determine k(-4).
-2
Let f(o) = 144*o**2 - 7*o - 71*o**2 - 74*o**2 - 7. What is f(-5)?
3
Suppose 6*g - 11*g - 3*v + 28 = 0, -g + 7 = 2*v. Let y(j) = j - 9. Give y(g).
-4
Suppose 5*i = 4*l - 9*l + 15, -2*i - 14 = -3*l. Let m(g) = -9*g - 1. Determine m(i).
8
Let l(i) = 22 + 3*i + i**2 - 19 - 7. Let v(u) = 20*u**2 - 2*u + 1. Let d be v(1). Suppose 4*f = -d + 7. Determine l(f).
-4
Let s(y) = 2*y + 1. Let q(w) = 5*w**2 + 3*w + 1. Let l be q(-2). Suppose -l = -7*t + 2*t. Suppose 0 = 4*i + 16, -12 + t = h + 3*i. What is s(h)?
7
Let a(q) = 5*q - 10. Let j(l) = -14*l + 30. Let d(r) = -11*a(r) - 4*j(r). Give d(8).
-2
Let a be (-1)/(-4) - 17/4. Let v(h) be the first derivative 